r when i is divided by 6?
4
Let r(h) = 4*h + 38. Let u(k) = 5*k + 38. Let y(l) = 4*r(l) - 3*u(l). What is the remainder when 69 is divided by y(-22)?
5
Let q = 4686 + -4624. Suppose 0 = -2*i - 4*t + 360, -5*i - 2*t - 131 = -1031. What is the remainder when i is divided by q?
56
Let u be -1 - 10/5 - -364. Let x = 549 - u. What is the remainder when x is divided by 28?
20
Suppose 0 = 14*l - 10*l + 1424. Let q = l + 432. Calculate the remainder when q is divided by 27.
22
Let r(y) = y**2 - y + 12. Let a = -145842 - -146283. What is the remainder when a is divided by r(0)?
9
Suppose 2*h - 301 = -s, 0 = 98*s - 97*s + 3*h - 301. What is the remainder when 625 is divided by s?
23
Calculate the remainder when (-10)/13 + 1115658/234 is divided by 1584.
15
Let o(v) = 7*v**2 + 19*v - 17. Let i = 342 - 347. What is the remainder when 114 is divided by o(i)?
51
Suppose -4*n - 56 = -236. Let b = -58 + 103. Suppose -5*f = t - 1, 0*t - b = -3*t - f. What is the remainder when n is divided by t?
13
Let t(s) = s**2 - 7*s - 5. Let n be t(8). Suppose 5*r - 3*a - 276 - 106 = 0, -4*a + 235 = n*r. Calculate the remainder when r is divided by 20.
17
Let m = 27 + -20. Let c(x) = -x**3 + 7*x**2 + 3*x - 24. Let t be c(m). Let q(l) = l**3 + 4*l**2 - 2. Calculate the remainder when 11 is divided by q(t).
4
Let t(v) = -2*v**3 + 18*v**2 + 2*v - 13. Let o be t(9). Suppose -5*n + 92 = -o*z - 393, 5*n = 3*z + 485. Calculate the remainder when n is divided by 11.
9
Let g be ((-488)/(-3))/((-42)/9 - -5). Let d = g - 478. Calculate the remainder when 50 is divided by d.
0
Let x(q) = 2*q**2 - 54*q + 51. What is the remainder when 659 is divided by x(0)?
47
Suppose -j = 2*j - 318. Suppose 0 = 3*o - 13*k + 92, -20*k = -o - 17*k - 20. Calculate the remainder when j is divided by o.
2
Suppose 90 = 5*t + 13*t. Suppose z + t*a = 11, 3*a + 5 = 8*a. Let r(s) = 2*s**2 + s - 2. What is the remainder when z is divided by r(-2)?
2
Let n = 5971 + -5752. What is the remainder when 641 is divided by n?
203
Suppose -22*t + 23*t - 167 = -2*n, -2*t = -2*n + 152. Let x be 4/12 - (-17)/3. Suppose -z = -x*z + 70. What is the remainder when n is divided by z?
11
Suppose -22*t + 8 = -18*t. Suppose -71 = -5*m - o, m - t*o - 2*o - 31 = 0. What is the remainder when 41 is divided by m?
11
Suppose 36*o + 4187 = 1526 + 70233. What is the remainder when o is divided by 930?
17
Suppose 0*p = 5*p + 5. Suppose 0 = -2*g + 5*g - 18. Calculate the remainder when (70 + p)*1*5/15 is divided by g.
5
Let p(g) = -2*g + 21. Let q be p(7). Let y(a) = -a**3 + 11*a**2 + 12*a + 9. What is the remainder when y(q) is divided by 58?
57
Suppose 4*s + 951 - 1106 = 3*a, 2*s + 5*a - 19 = 0. Suppose 0*d - 2*d + 100 = 0. What is the remainder when d is divided by s?
18
Let d = -5 - -34. Let o(v) = v**3 + 14*v**2 - 66*v + 117. Calculate the remainder when d is divided by o(-18).
2
Suppose 304*l + 4*f + 88 = 309*l, 5*f - 15 = 0. What is the remainder when 1557 is divided by l?
17
Suppose -6*k + 6378 = -3*n, 134*k - 137*k = 4*n - 3200. What is the remainder when k is divided by 320?
104
Suppose 6*w + 508 - 3382 = 0. Calculate the remainder when w is divided by 138.
65
Suppose -13*h - 19*h = -96. Suppose 0 = -h*a - 46 + 412. Calculate the remainder when a is divided by 42.
38
Suppose 0*s - 9*s - 36 = 0. Calculate the remainder when s + (-70)/(-6)*9 is divided by 28.
17
Let k = -358 - -385. Suppose 0 = 2*n - 2 + 6, -b - 3*n = 15. Calculate the remainder when k is divided by b/(-6)*(-56)/(-6).
13
Suppose 0 = 4*w - 0 - 20. Let l(t) = t**3 - 7*t**2 + 11*t + 11. Calculate the remainder when 76 is divided by l(w).
12
Suppose -76 + 110 - 284 = -25*w. Suppose 120 = k + 11. What is the remainder when k is divided by w?
9
Suppose 0 = -26*h + 2451 + 799. Calculate the remainder when h is divided by 114.
11
Let r(q) = 2*q**2 + 139*q + 1472. Let b(p) = p**2 + 1. Let i be b(0). What is the remainder when r(-13) is divided by (-2)/(-4) - i/(-2)?
0
Suppose 4*g + 20 = 5*k, 17 + 3 = 5*k + 5*g. Calculate the remainder when 981 is divided by k.
1
Let q(v) = v**3 + 15*v**2 - 49*v + 8. Let o be q(-19). Calculate the remainder when (-4)/((-8)/(-6)) - o is divided by 12.
10
Suppose -3*i + 31 + 2 = 0. Suppose 0 = 4*l - 13 - i. Suppose -l*c = 4*h - 2*c - 100, -4*c + 73 = 3*h. What is the remainder when h is divided by 7?
6
Suppose 5 + 40 = 9*s. Suppose s*l = 25*l - 260. Calculate the remainder when 69 is divided by l.
4
Let p(t) = 259*t - 3252. Calculate the remainder when 2311 is divided by p(17).
9
Let f be 5 - (0 + 12/4). Suppose 0 = 4*s - 4*q - 264, -11*s = -8*s - f*q - 202. Suppose -y - 5 = -29. Calculate the remainder when s is divided by y.
22
Let c(u) = u**2 + 11*u + 30. Let z be c(-7). Suppose 4*j + 52 = 4*k, -z*j = 2*k + 2*j - 56. What is the remainder when 106 is divided by k?
16
Let t = 9 + -21. Suppose -15*g - 51 = -606. Let l = t + g. What is the remainder when 49 is divided by l?
24
Suppose 0 = 3*b, 18*j + 2*b + 90 = 20*j. What is the remainder when 306 is divided by j?
36
Suppose -5*d + 788 = -49*o + 45*o, 3*d + 4*o - 524 = 0. Calculate the remainder when 502 is divided by d.
10
Suppose -72*s + 5079 = 3924 - 29949. What is the remainder when s is divided by 209?
14
Suppose 3*z - 1 = -m, 0 = 2*m - 7*m - 3*z + 29. What is the remainder when (-12 + -4)/((-2)/m) is divided by (2 - 11/33)*12?
16
Suppose 10*n = -k + 5*n + 17, -2*n = 4*k - 86. Suppose -2 = d, 5*r - k = -5*d + 68. Calculate the remainder when 118 is divided by r.
18
Suppose 6*i - 2*k + 178 - 5498 = 0, 3*i = -4*k + 2665. What is the remainder when i is divided by 33?
29
Let d = 550 - 488. Let n = 66 + -34. Calculate the remainder when d is divided by n.
30
Let s be 0*2*5/30. What is the remainder when 207 is divided by -4 - s - (13 + -30)?
12
Suppose -3*p + 1666 = -4*z - 94, 0 = 5*z - 5. Suppose -2*f + p = f. Suppose w - f = -3*w. Calculate the remainder when w is divided by 26.
23
Let s(o) = o**2 - 3*o - 1. Let q(g) = -g**2 + 15*g + 12. Let c(t) = q(t) + 2*s(t). Suppose 13 = -3*z - 14. What is the remainder when 28 is divided by c(z)?
8
Let k be ((-2)/6)/((-25)/(-2550)). Calculate the remainder when (-4)/k - (-7 + 9378/(-51)) is divided by 58.
17
Suppose k - 4 = -0. Suppose -5*d + 448 = k*r, 0 = -r + 4*d + 99 - 8. Suppose 0 = -156*z + 7*z + 5364. What is the remainder when r is divided by z?
35
Suppose -36*h + 35*h = 5, 4*z - 2*h - 15678 = 0. Calculate the remainder when z is divided by 245.
242
Let w = 403 + -392. Let c be -3*((-210)/9)/5. Suppose c = -4*u + 6*u. What is the remainder when w is divided by u?
4
Let h(b) = 18*b - 129. What is the remainder when 8292 is divided by h(8)?
12
Let t(v) = v**3 + 35*v**2 + 32*v + 749. What is the remainder when 821 is divided by t(-34)?
4
Let q(k) = 1774*k + 2 + 1805*k + 10*k**2 - 3563*k + 2*k**2 - k**3. Let p be (-26)/(-8)*(0 + 4). What is the remainder when q(p) is divided by 6?
5
Suppose 5*b + j = 49 + 419, 98 = b - 2*j. What is the remainder when 1130 is divided by b?
2
Let m(w) = -w**3 - 17*w**2 - 18*w - 32. Let i be m(-16). Let n(s) = s**2 + s + 22. Suppose j = -20 + 129. Calculate the remainder when j is divided by n(i).
21
Suppose 205 - 2389 = -33*t - 51*t. Calculate the remainder when 3873 is divided by t.
25
Let q = -2017 - -2682. What is the remainder when q is divided by 32?
25
Let o = -5367 - -5403. What is the remainder when 1309 is divided by o?
13
Let l(k) = -9*k - 2. Suppose -11*w + 6*w + 252 = 3*y, w - 3*y = 36. Calculate the remainder when w is divided by l(-3).
23
Let t = 24070 - 24041. Calculate the remainder when 2069 is divided by t.
10
Suppose 12272 + 6648 = -40*r + 126*r. What is the remainder when 656 is divided by r?
216
Let m(c) = c**3 - 7*c**2 - 19*c - 1. Let w be m(9). Let i(f) = f**2 + f + 4. Let p be i(3). Let v = p - w. What is the remainder when 49 is divided by v?
23
Suppose 13*o - 14*o + 58 = 0. Let t = 84 - o. Let u = 153 + -103. What is the remainder when u is divided by t?
24
Calculate the remainder when 9462 is divided by 44695/245 + (-12)/28.
180
Let j be (-70)/(-1)*(-2)/4*-1. What is the remainder when (370/j)/(-2)*-7 is divided by 8?
5
Suppose t + 4*t - 22 = -y, 2*t - 110 = -5*y. Suppose -y*d = -21*d - 20. What is the remainder when 56 is divided by d?
16
Suppose 129*t - 26208 = -15*t. What is the r